 is p(m)?
3
Let k(o) = 62*o + 198. Let f be k(-3). Let j(r) = -9 + 4 - 6*r + 8*r - 12. Calculate j(f).
7
Let w(m) = 19*m**2 - 7 + 3*m - 2*m**2 + 1 - 16*m**2. Let r be ((-5)/3)/((-2)/(-6)). What is w(r)?
4
Let j(z) be the third derivative of -z**6/60 - z**5/30 + z**4/12 + z**3/6 + 672*z**2. Give j(-2).
5
Let u be (-5)/(-20) - (-3)/4. Let q be (1/(-2 + 3))/u. Let m be q + 3/(-3) + 0. Let h(l) = -l - 1. Give h(m).
-1
Let n(h) = -23*h**2 - 5*h + 2. Suppose -628 + 606 = -22*x. Calculate n(x).
-26
Let p(n) = -21*n + 2. Let s be p(-1). Suppose -25*q - 6 = -s*q. Let w(b) = b - 5. Calculate w(q).
-8
Let m(a) = -a**3 - 4*a**2 - 5*a - 3. Let i(y) = y**2. Let v(b) = -i(b) + m(b). Let u(f) = 18*f - 78. Let t be u(5). Let d be 40/12*t/(-10). What is v(d)?
1
Let f(t) = 8*t + 14. Suppose 3*x + 118 = 97. Give f(x).
-42
Let d(k) be the third derivative of 0 + 0*k + 1/24*k**4 - 21*k**2 - 4/3*k**3. Suppose -1 = -5*z + 3*w + 5, 0 = -2*w - 4. Give d(z).
-8
Let v = -14787 - -14765. Let c(i) = 2*i**2 + 42*i - 36. Calculate c(v).
8
Let b = 313 + -313. Suppose 2*d + 3*t = -16, -103*d + 104*d - 2*t + 15 = b. Let y(h) = -4*h + 1. Calculate y(d).
45
Let l(c) = 2*c + 82*c - 5*c**2 + 7*c**2 - 32*c + 256 + 40*c. Calculate l(-43).
-2
Let d be ((-4)/6)/(12/(-1422)) - -2. Suppose -82*z + d*z = 1. Let i(a) = 8*a**3 + 2*a + 1. Give i(z).
-9
Suppose -1 = -4*a - g, -2*a = 2*a - 4*g + 4. Suppose a = c - 7 - 23. Suppose -10*z - c = -4*z. Let d(q) = 3*q + 4. Calculate d(z).
-11
Let d(k) be the second derivative of 6*k**2 - 178*k + 1/12*k**4 + 0 + 5/3*k**3. Give d(-9).
3
Let p(y) be the third derivative of -1/24*y**4 + 2*y**2 + 0*y - 34 - 5/6*y**3. What is p(0)?
-5
Let z(d) = 2*d + 715*d**2 - 708*d**2 + 0*d. Let y(u) = u**2 + u + 1. Let l(b) = -3*y(b) + z(b). Let x(s) be the first derivative of l(s). Determine x(1).
7
Suppose -3*f = -2*i - 3 + 11, -20 = -5*i. Suppose -3*b = -f*b - 4*u + 7, -4*b - u = 3. Let h be 1/(b + 30/36). Let q(d) = d**3 + 5*d**2 - 9*d - 8. Give q(h).
10
Let p(y) = 59*y - 10. Let h(f) = 59*f - 10. Let a(s) = -5*h(s) + 4*p(s). Calculate a(2).
-108
Let k(x) be the second derivative of 5/2*x**2 - 54 - 2*x + 1/6*x**3 - 1/12*x**4. Give k(6).
-25
Let b(h) be the third derivative of 0 + 0*h + 3*h**2 + 2/3*h**3 - 1/6*h**4. What is b(-4)?
20
Let w(l) = 5*l**3 - 5*l**2 - 14*l + 14. Let z(a) = 11*a**3 - 12*a**2 - 29*a + 31. Let c(r) = 13*w(r) - 6*z(r). Suppose 0 = 58*y - 64*y + 36. Give c(y).
-16
Let w(o) be the first derivative of 2*o**2 + o - 12310. Let u = -4 + 7. Calculate w(u).
13
Let x(g) = g**3 + 16*g**2 + 15*g - 7. Let k be x(-14). Let n = k + -174. Let f(d) = -d**2. What is f(n)?
-1
Let o(f) = f**2 - 6*f + 6. Let b(t) be the second derivative of 0 - 18*t - 1/3*t**3 - 6*t**2. Let h be b(-9). Give o(h).
6
Let f be 4/2 - (-8)/4. Let d(h) = 5*h + 1 - f*h + 0*h. Suppose -363*i + 365*i = 4*p - 30, 9 = 3*p. Give d(i).
-8
Let n be -2*(-1)/(-2) - -6. Let g(a) = 7*a**2 + 11*a + 9. Let b(d) = 11*d**2 + 13*d + 12. Let t(i) = 2*b(i) - 3*g(i). Calculate t(n).
-13
Let c be 4 - (10 - -1) - -3. Let t(z) be the first derivative of z**2/2 + 8*z + 132. Calculate t(c).
4
Let x(c) = -2*c - 39. Let j(v) = 64*v - 527. Let k be j(8). What is x(k)?
-9
Let b(u) = -u + 6. Let l be b(6). Let y be 4/24*-146*(0 - 15). Let c(t) = -t**2 + 1 + y*t - 366*t - 7. Determine c(l).
-6
Let x(q) be the second derivative of -q**3/3 - 3*q**2/2 - 5055*q. Calculate x(5).
-13
Let b(m) = 14*m - 1 - 41*m + 20*m + 0. Let n be b(-11). Suppose n = 6*u + 28. Let c(o) = -o**3 + 7*o**2 + 6*o + 8. Calculate c(u).
-8
Let h(k) = -k**3 - 6*k + 5. Let j be h(0). Let w(u) be the third derivative of -7/24*u**4 + 3*u**2 + 1/120*u**6 + 0*u - 1/15*u**j + 0 + 5/6*u**3. What is w(5)?
-5
Let n(t) = 9*t**2 - 48*t + 165. Let i(f) = 4*f**2 - 24*f + 81. Let g(r) = -7*i(r) + 3*n(r). Give g(21).
-9
Let h(s) be the third derivative of -s**4/12 - s**3/3 + 4*s**2. Suppose 0 = 15*d + 12 + 3. Calculate h(d).
0
Let j(y) = 75*y - 21. Let r(o) = 33*o - 10. Let l(h) = -4*j(h) + 9*r(h). What is l(0)?
-6
Let d = -23144 + 23155. Let u(b) = b**2 - 9*b + 6. Calculate u(d).
28
Let g(f) be the first derivative of -f**2/2 - 18*f + 2. Let r = -244 - -244. Give g(r).
-18
Let o(h) = -176 + 0*h - 156 - 184 - 181 + h**2 + 693 - 3*h. Let b(j) = 2*j. Let i be b(2). Calculate o(i).
0
Let j = 89552 + -89555. Let n(t) = 3*t**2 - 13*t + 3. Let r(c) = -2*c**2 + 7*c - 2. Let k(o) = 3*n(o) + 5*r(o). What is k(j)?
2
Let f(k) be the second derivative of 17*k**3 + 204*k**2 + 161*k. Determine f(-4).
0
Suppose 396 = -146*i + 1240 + 324. Let u(c) = -5*c - 11. Let z(p) = p + 1. Let r(x) = u(x) + 6*z(x). Calculate r(i).
3
Let u(k) = -436 - 40*k + 46*k + 442. Calculate u(-1).
0
Let b(i) = 7*i + 2. Let k be 474/21 - 2/14*-3. Let q(j) = 6 - k - 20*j + 11. Let t(o) = -8*b(o) - 3*q(o). What is t(-2)?
-6
Let k(i) = 3*i**3 + 5*i**2 + 2*i - 3. Suppose 4*n - 18*z + 22*z = -20, -5*z + 5 = -5*n. Calculate k(n).
-45
Let q(h) = h**3 - 2*h**2 - 2*h + 1. Let l = -11 + 7. Let i(g) = 31 - 23 - 7 - 4*g - 15. Let d be i(l). Calculate q(d).
-3
Let g be 0*(0 + (1 - 2)). Let j(b) = -2 + g + 3*b + 1. Let z be (-34)/(-6) - 7014/1503. What is j(z)?
2
Suppose 4*k + 0*k + p - 181 = 0, 5*k - 218 = -4*p. Let t(x) = -k*x + 32*x + 3*x + 4. What is t(2)?
-18
Let b be 13986/342 - (-4)/38. Suppose 111 = -b*s - 176. Let n(k) = -k - 1. What is n(s)?
6
Let r(d) = 10*d**3 + 10*d**2 + 25*d - 19. Let i(b) = 7*b**3 + 10*b**2 + 25*b - 19. Let c(k) = -3*i(k) + 2*r(k). Calculate c(-6).
25
Suppose z = -4*z - 3*c, z = -2*c - 7. Let i(h) = h - 71*h**2 + 6 + 1 + 70*h**2 - h**z. What is i(0)?
7
Let m = -140 + 138. Let p(t) be the second derivative of -2*t**4/3 + t**3/6 - t**2 - 5*t. Let n(g) = g**2 - g. Let f(j) = -5*n(j) - p(j). Calculate f(m).
6
Let u(l) = 2*l**3 - 11*l**2 - 7*l - 12. Let s(h) = -5*h**3 + 32*h**2 + 21*h + 33. Let p(d) = 3*s(d) + 8*u(d). Determine p(-5).
43
Let m(k) = -k**3 + 92*k**2 - 8*k - 9. Let f(q) = 5*q**3 - 435*q**2 + 41*q + 46. Let g(t) = 3*f(t) + 14*m(t). Determine g(16).
-68
Let l = 527 - 518. Let y be 6 + 17 + -5 - l. Let o(x) = x**2 - 7*x - 4. Give o(y).
14
Let d(w) be the first derivative of 2*w**2 - 102*w - 154. What is d(26)?
2
Suppose -3*y - 1749 = -1731. Let c(m) be the second derivative of -m**3/2 - 3*m**2/2 + 77*m. Calculate c(y).
15
Suppose -2*g - 2*a + 2 = 0, -2 = g - 2*a + 6*a. Let o(i) = i**2 + 58 - 8*i - 49 + 0*i**g. Give o(4).
-7
Let h(x) = -10*x + 62. Let o be h(7). Let k(a) = -5*a - 16. Let r(f) = -4*f - 16. Let p(v) = -2*k(v) + 3*r(v). Give p(o).
0
Let v(g) = 9 + 2*g**2 - 952*g - g**2 + 947*g. Give v(9).
45
Let f(v) be the second derivative of -v**6/360 - 11*v**5/120 - 5*v**4/8 + 37*v**3/3 - 3*v + 13. Let z(u) be the second derivative of f(u). What is z(-6)?
15
Let g(y) = y**3 + 6*y**2 - 6*y + 9. Suppose -3*z + d = 97, -3*d + 30 = -3*z - 69. Let t = 34 + z. Suppose -t*s + 6 = -2*m, 4*m + s + 36 = -s. What is g(m)?
2
Let u = 313 - -111. Let m(a) = 0*a - 214 - 211 + u + 6*a. Calculate m(3).
17
Let d(c) = 14*c**2 + 2*c - 1. Let x be (-23)/(-4) - ((-3)/(-4) + 0). Suppose 2*h + 1 = -x*u + 57, 5*h - 5*u - 70 = 0. Let k = h - 17. Give d(k).
15
Let q(z) be the second derivative of 1/2*z**2 + 0 - 1/6*z**3 - 1/120*z**5 + 29*z - 1/12*z**4. Let n(p) be the second derivative of q(p). What is n(-6)?
4
Let d(q) be the third derivative of -q**4/8 - 37*q**3/6 - 12552*q**2. Calculate d(-28).
47
Let w = -12276 - -12268. Let i(z) = 5*z + 9. Determine i(w).
-31
Let n(p) = 7*p**3 + 18*p**2 + 15*p + 53. Let a(c) = 2*c**3 - c. Let t(g) = -3*a(g) + n(g). Determine t(-17).
36
Let s(n) = -41*n - 907. Let q be s(-22). Let o(z) = 6*z - 24. What is o(q)?
-54
Let i(z) = z**2 - 9*z + 3. Let f(d) = d - 26. Let y be f(10). Let q be (y/24)/((-4)/54). Give i(q).
3
Let r(w) = 3 - 97*w - 1 + 95*w. Let u = -820 - -816. Calculate r(u).
10
Let z(v) be the first derivative of 8*v**2 + 48*v + 2628. Give z(-4).
-16
Let p(d) = d**2 + 9*d + 12. Let k(i) = i**3 - 90*i**2 - 98*i + 630. Let v be k(91). Give p(v).
-2
Let t(g) = -2*g. Let b = -430 - -431. Let a(p) = -8*p + 2. Let v(w) = b*a(w) - 3*t(w). Calculate v(-2).
6
Let n(r) = 2*r**2 + 2*r - 3. Let g be 2/12*636/(-689)*39/(-6). Determine n(g).
1
Suppose -87*y = -10 - 686. Let w(f) = 16*f - 103. Calculate w(y).
25
Let n(v) = v**3 - 2*v**2 - 3. Let x(a) = -9*a - 26. Let 